 - 4023. Give c(-6).
-3
Let c(l) = -5*l**2 - 493*l - 10094. What is c(-70)?
-84
Let y(m) = m**3 - m**2 - 72*m + 386. Calculate y(6).
134
Let p(n) = -9*n**2 - 92*n + 9. Determine p(-9).
108
Let c(h) = -61*h**2 - 1772*h - 3445. Give c(-27).
-70
Let n(h) = 13*h**2 - 582*h + 581. Calculate n(1).
12
Let y(u) = u**3 + 3658*u**2 - 25530*u - 891. Give y(7).
-16
Let h(g) = -7*g**2 - 79*g - 870. What is h(-10)?
-780
Let a(d) = 5*d**3 - 8*d**2 - 187*d - 334. Give a(-2).
-32
Let t(h) = 6095*h + 22902. Give t(-3).
4617
Let d(g) = -2*g**2 - 3293*g + 226476. What is d(66)?
426
Let u(t) = 247*t + 10292. Give u(-42).
-82
Let v(h) = h**3 + 40*h**2 + 96*h + 2330. Determine v(-39).
107
Let j(i) = 4*i**2 - 8091*i - 97621. What is j(-12)?
47
Let u(w) = 7800*w - 46173. Determine u(6).
627
Let k(c) = -52*c**3 - 1220*c**2 - 1678*c - 28. Determine k(-22).
104
Let v(i) = -168*i**2 - 51571*i + 1554. Give v(-307).
19
Let o(i) = -i**3 + 232*i**2 - 5021*i - 14. Determine o(25).
3836
Let b(o) = 12751*o**2 - 229482*o - 646. Determine b(18).
2
Let u(w) = 43*w**3 + 32*w**2 + 51*w + 26. Determine u(-4).
-2418
Let v(t) = 5*t**3 - 313*t**2 + 490*t - 18841. Calculate v(62).
7
Let d(q) = -441*q**3 + 18*q**2 - 47*q + 25. Determine d(1).
-445
Let u(s) = -3214*s - 53049. Give u(-15).
-4839
Let g(h) = h**2 - 431*h + 7356. Determine g(18).
-78
Let s(l) = -l**2 + 837*l - 161100. Give s(300).
0
Let y(l) = 176391*l + 18. Give y(0).
18
Let l(c) = 14*c**2 - 3432*c + 469. What is l(245)?
-21
Let c(f) = 21*f**2 - 1729*f + 6947. What is c(4)?
367
Let z(t) = 30*t**2 + 7314*t - 14622. Give z(2).
126
Let d(f) = 10*f**3 + 258*f**2 - 67*f - 392. Determine d(-26).
-2
Let w(u) = -599*u + 160850. Give w(269).
-281
Let g(p) = -p**2 + 1127*p - 10284. What is g(9)?
-222
Let q(k) = -k**2 + 35725*k + 178651. What is q(-5)?
1
Let j(h) = 5564*h + 73899. Determine j(-13).
1567
Let y(q) = 15798*q - 4344437. What is y(275)?
13
Let p(j) = 715*j - 3838. What is p(10)?
3312
Let x(l) = 2*l**2 + 2451*l + 33919. Give x(-14).
-3
Let g(r) = -15847*r + 126639. Calculate g(8).
-137
Let i(j) = 470*j + 7143. Give i(-21).
-2727
Let y(z) = 4*z**3 - 39*z**2 - 6*z + 67. Calculate y(11).
606
Let j(u) = 5763*u - 23008. What is j(4)?
44
Let g(h) = -3*h**2 - 55*h - 95. Calculate g(-27).
-797
Let m(p) = -2*p**3 - 3*p**2 - 686*p + 4922. Give m(7).
-713
Let m(u) = 6262*u + 18694. Give m(-3).
-92
Let d(y) = 59*y**2 - 297*y - 381. Calculate d(6).
-39
Let y(d) = -100*d**2 + 346*d + 4204. Determine y(-5).
-26
Let a(y) = 15*y**2 + 222*y - 116. Calculate a(-16).
172
Let s(x) = -10*x**2 - 137*x + 918. Give s(6).
-264
Let j(q) = -6*q**2 - 594*q - 1067. Give j(-95).
1213
Let u(f) = -637*f + 714078. What is u(1121)?
1
Let h(d) = d**2 + 155*d - 5314. Calculate h(-184).
22
Let y(g) = -5621*g**2 + 1972971*g + 2. What is y(351)?
2
Let c(g) = g**2 - 97*g + 1652. Determine c(41).
-644
Let o(k) = -214595*k + 214679. Determine o(1).
84
Let n(t) = 250*t - 31777. Give n(127).
-27
Let p(a) = -11*a**2 + 134*a + 34183. What is p(-50)?
-17
Let h(l) = -3*l**3 - 58*l**2 - 860*l - 15987. Calculate h(-19).
-8
Let f(s) = -s**3 - 5*s**2 + 112*s + 189. Give f(15).
-2631
Let j(f) = 4*f**2 - 92*f - 44071. Determine j(117).
-79
Let y(i) = 5098*i**2 + 30587*i + 1. What is y(-6)?
7
Let m(o) = -15*o**2 - 1304*o - 10344. Calculate m(-8).
-872
Let z(m) = -50529*m - 909510. Calculate z(-18).
12
Let d(c) = 133191*c - 799002. What is d(6)?
144
Let t(f) = 449*f + 2366. Calculate t(-6).
-328
Let w(i) = 28076*i - 674003. Calculate w(24).
-179
Let a(g) = -35*g**2 - 555*g - 363. Calculate a(-15).
87
Let h(a) = a**2 + 1269*a + 46820. Give h(-38).
42
Let r(y) = -2370*y + 49733. Determine r(21).
-37
Let z(o) = -o**3 - 14*o**2 - 221*o - 7108. Calculate z(-25).
5292
Let d(c) = -5*c**3 - 227*c**2 + 4159*c - 14. Calculate d(14).
0
Let b(r) = -25791*r + 309491. Determine b(12).
-1
Let w(r) = -2*r**2 - 392*r + 3621. Calculate w(9).
-69
Let n(i) = 30*i**3 + 4888*i**2 - 331*i - 821. Calculate n(-163).
-6
Let t(r) = 1127*r - 55223. Calculate t(49).
0
Let u(r) = -5*r**3 + 33*r**2 - 168*r + 5. What is u(3)?
-337
Let u(s) = -896*s + 280347. Calculate u(313).
-101
Let c(g) = 4*g**2 - 47*g - 1053. What is c(-23)?
2144
Let r(m) = -8*m**2 + 34*m + 186. What is r(18)?
-1794
Let u(x) = x**2 - 69*x - 226. What is u(72)?
-10
Let y(c) = 11*c - 786. Give y(-112).
-2018
Let a(j) = -296*j - 5628. What is a(-18)?
-300
Let c(a) = 28*a**3 + 507*a**2 + 11*a - 150. Calculate c(-18).
624
Let t(f) = 709599*f + 4257571. Determine t(-6).
-23
Let v(b) = -1062*b + 25361. Calculate v(24).
-127
Let l(p) = -197*p + 1751. Calculate l(6).
569
Let m(b) = b**3 - 4581*b**2 - 68944*b + 43. Calculate m(-15).
103
Let p(v) = v**3 + 825*v**2 - 112345*v - 8523. What is p(-944)?
-27
Let k(d) = 4*d**3 - 667*d**2 + 504*d - 1009. Determine k(166).
-13
Let f(r) = 3*r**2 - 708*r - 20426. Determine f(262).
10
Let u(p) = -883*p - 51369. Give u(-58).
-155
Let m(j) = 44*j + 3453. Give m(-79).
-23
Let z(b) = 498*b + 23864. Calculate z(-47).
458
Let i(q) = -1636*q + 449893. Determine i(275).
-7
Let p(r) = 4496*r + 76383. Calculate p(-17).
-49
Let i(d) = 7*d**2 + 323*d + 541. Determine i(-44).
-119
Let q(j) = -15712*j + 205949. Give q(13).
1693
Let h(a) = 15998*a + 47967. What is h(-3)?
-27
Let p(q) = 289*q**2 + 2283*q - 4564. What is p(2)?
1158
Let l(p) = -97*p + 1916. What is l(14)?
558
Let k(w) = 38*w**3 - 18*w**2 - 6*w + 39. Give k(-5).
-5131
Let m(f) = 30*f**2 - 1850*f - 657. Give m(62).
-37
Let a(o) = o**3 + 117*o**2 - 3794*o - 425737. Give a(-59).
7
Let g(r) = -769*r - 5575. What is g(-8)?
577
Let x(i) = 6*i**2 - 89*i + 925. What is x(10)?
635
Let s(l) = -29*l**2 - 834*l - 1486. Calculate s(-27).
-109
Let d(b) = 52*b**2 - 619*b + 1409. Determine d(8).
-215
Let m(i) = i**3 - 246*i**2 + 7209*i - 59. Calculate m(212).
153
Let q(d) = -117657*d + 1882494. Determine q(16).
-18
Let y(f) = -f**3 + 33*f**2 - 286*f + 223. Determine y(18).
-65
Let q(g) = -3*g**2 - 236*g - 5307. Calculate q(-38).
-671
Let u(i) = 2373*i + 73145. Calculate u(-31).
-418
Let x(h) = 58248*h + 1106763. Calculate x(-19).
51
Let r(z) = 3945*z + 31531. Calculate r(-8).
-29
Let y(o) = 2388*o**2 + 62086*o - 3. Calculate y(-26).
49
Let f(z) = -3*z**3 + 26*z**2 + 183*z + 170. Determine f(-5).
280
Let v(s) = 3*s**2 - 64*s - 2095. What is v(39)?
-28
Let g(p) = 73*p**3 + 41317*p**2 - 587*p - 11880. Determine g(-566).
6
Let m(z) = -7*z**2 + 455*z - 48. What is m(67)?
-986
Let r(t) = 225*t**2 + 317*t + 53. Give r(-1).
-39
Let v(j) = -3046*j - 109. Give v(0).
-109
Let i(z) = 6*z**2 - 3386*z - 3388. Determine i(-1).
4
Let j(d) = 1640*d - 12665. What is j(8)?
455
Let k(q) = 1999*q + 186001. Give k(-93).
94
Let j(w) = w**2 - 21743*w - 130488. Determine j(-6).
6
Let w(c) = -988169*c + 16798866. Calculate w(17).
-7
Let o(q) = q**3 - 14*q**2 - 10*q + 282. Give o(15).
357
Let m(j) = 10804*j + 32322. Calculate m(-3).
-90
Let z(q) = -105*q**3 - 8190*q**2 + 2*q - 100. What is z(-78)?
-256
Let q(s) = s**3 + 35*s**2 - 813*s - 65. What is q(16)?
-17
Let n(q) = 6416*q + 1097131. Determine n(-171).
-5
Let d(p) = 2*p**3 + 169*p**2 - 95*p - 885. What is d(-85)?
-35
Let l(v) = 11564*v + 1318288. What is l(-114)?
-8
Let o(u) = -u**3 + 311*u**2 + 7333*u - 1960. Give o(333).
371
Let r(p) = p**2 - 1404*p + 39876. Give r(29).
1
Let g(c) = -4*c**2 + 1170*c + 4716. Give g(-4).
-28
Let f(j) = -j**3 + 53*j**2 - 422*j - 334. Calculate f(43).
10
Let y(x) = x**2 + 257*x + 14222. Determine y(-83).
-220
Let i(q) = q**2 + 330*q - 205068. Determine i(-647).
31
Let s(z) = -3*z**3 - 14*z**2 + 468*z + 6560. Determine s(-13).
4701
Let o(y) = -129*y + 2594. Calculate o(20).
14
Let r(s) = -5*s**2 + 43*s - 17. Give r(15).
-497
Let p(k) = -29*k - 4358. Calculate p(-162).
340
Let p(j) = j**3 - 16*j**2 - 1890*j + 26873. Give p(14).
21
Let w(p) = -482934*p + 40. Calculate w(0).
40
Let q(m) = 2*m**2 - 26*m - 31. Give q(0).
-31
Let r(d) = -d**2 + 2237. Give r(-54).
-679
Let c(x) = -x**3 - 63*x**2 + 109*x + 5969. Determine c(-63).
-898
Let k(j) = -25*j - 5567. Calculate k(-220).
-67
Let j(t) = -858*t + 9352. Determine j(11).
-86
Let f(n) = -8096*n - 2088808. Calculate f(-258).
-40
Let f(u) = 13*u**2 + 578*u + 3965. What is f(-8)?
173
Let r(z) = 2*z**3 + 409*z**2 + 2578*z + 794. Calculate r(-198).
2
Let p(u) = 8909*u - 196042. W